1, what is -68a + -4?
-693
In base 4, what is -103122 + -1?
-103123
In base 4, what is 102120 - 11?
102103
In base 10, what is -3179 - -4?
-3175
In base 14, what is -8 - 3?
-b
In base 12, what is 1 + 75?
76
In base 6, what is 115 + -4?
111
In base 16, what is -4 - 4a?
-4e
In base 14, what is -1 + -b4?
-b5
In base 12, what is 187 - 5?
182
In base 10, what is -1 - 558?
-559
In base 2, what is 1000010101 + -100?
1000010001
In base 2, what is 111 - -1011?
10010
In base 16, what is 1 - -274?
275
In base 12, what is 478 + -8?
470
In base 12, what is -164 + -2?
-166
In base 5, what is -44430 - 4?
-44434
In base 4, what is 233311 + -2?
233303
In base 3, what is 201221 + -201?
201020
In base 5, what is -2 + -312?
-314
In base 5, what is 11 - 223?
-212
In base 8, what is 7 - -11?
20
In base 9, what is 3 - -163?
166
In base 11, what is 32 - -25?
57
In base 7, what is -25 + 0?
-25
In base 7, what is -5 + 53?
45
In base 16, what is 3 + 53?
56
In base 14, what is 95 + 6?
9b
In base 7, what is 2 - -3220?
3222
In base 12, what is -1081 + 4?
-1079
In base 9, what is -35 - 333?
-368
In base 8, what is -26570 + -1?
-26571
In base 16, what is 1 + f?
10
In base 14, what is -2 + 1825?
1823
In base 5, what is -14 - 12441?
-13010
In base 3, what is -1210222 + 12?
-1210210
In base 2, what is 10011 - -1100?
11111
In base 3, what is 10110 - -2111?
12221
In base 12, what is a28a - 4?
a286
In base 5, what is 0 + 1?
1
In base 8, what is 20140 + 4?
20144
In base 9, what is 5 - -2285?
2301
In base 7, what is 12310 - 0?
12310
In base 6, what is 143 + 12?
155
In base 10, what is 9023 - 2?
9021
In base 16, what is 1a8b - -5?
1a90
In base 2, what is 10 - -101011?
101101
In base 12, what is 54 + -2?
52
In base 4, what is 1 - -12220?
12221
In base 2, what is -10101000101 - 100?
-10101001001
In base 4, what is 12313 + 1?
12320
In base 3, what is 10 + 10?
20
In base 2, what is -1 - 1101111?
-1110000
In base 6, what is -103 - 133?
-240
In base 3, what is -11 - 20102211?
-20102222
In base 10, what is -1 + -41?
-42
In base 3, what is 10220 + 11011?
22001
In base 10, what is -3 - 91?
-94
In base 14, what is 3 + 47a?
47d
In base 10, what is 18 - -29?
47
In base 3, what is 1201 - -11111?
20012
In base 11, what is -1 + -148?
-149
In base 13, what is 54 - -4?
58
In base 9, what is 7300 + -4?
7285
In base 3, what is 100 - 11?
12
In base 7, what is 4 - -3455?
3462
In base 14, what is -8 - 25a?
-264
In base 15, what is 7 + 12?
19
In base 5, what is -34 - -10?
-24
In base 12, what is 1a3 + 3?
1a6
In base 2, what is -1101001001101 - -100?
-1101001001001
In base 4, what is 0 + 32210?
32210
In base 3, what is 120 - 101?
12
In base 7, what is -1 - 3221?
-3222
In base 5, what is 1 + 3322?
3323
In base 5, what is 23 - 0?
23
In base 3, what is 21121102 + 1?
21121110
In base 2, what is -11 + 101011?
101000
In base 14, what is -42 - -3?
-3d
In base 11, what is 2a1 - 1?
2a0
In base 9, what is -5725 - -2?
-5723
In base 13, what is -2 - 97?
-99
In base 13, what is -2 - -9b5?
9b3
In base 16, what is 1b - -166?
181
In base 8, what is 7 + 1154?
1163
In base 6, what is 3 + 1004?
1011
In base 14, what is -32 + -b?
-3d
In base 12, what is -3 - 658?
-65b
In base 4, what is -2311022 + -11?
-2311033
In base 10, what is -226 - 8?
-234
In base 7, what is 24 + 6?
33
In base 7, what is 1032 - 21?
1011
In base 13, what is -3 + c7?
c4
In base 11, what is 496 - -5?
4a0
In base 5, what is -11 - 103?
-114
In base 12, what is 84 + a?
92
In base 15, what is -31 + -1a?
-4b
In base 4, what is -2022 + -3?
-2031
In base 2, what is 11001 - 10001111?
-1110110
In base 8, what is -25 - -550?
523
In base 4, what is 1302 - 131?
1111
In base 14, what is -10a - -2?
-108
In base 11, what is -25 - 250?
-275
In base 3, what is -122 - 1000?
-1122
In base 6, what is 11 - 354?
-343
In base 3, what is -1022002 - -11?
-1021221
In base 14, what is -51b4 - 5?
-51b9
In base 6, what is 12331 - -4?
12335
In base 7, what is -214 + 5?
-206
In base 6, what is 12334 - -4?
12342
In base 7, what is 4 + -21?
-14
In base 9, what is -333 - -37?
-285
In base 8, what is 7 - -227?
236
In base 2, what is -100101 - -10000?
-10101
In base 2, what is 10001 + 11001101?
11011110
In base 4, what is 101 + 110313?
111020
In base 12, what is -31 - 284?
-2b5
In base 8, what is -22 + -23?
-45
In base 5, what is 232 - 3?
224
In base 2, what is 1111 + -110011011?
-110001100
In base 3, what is 11 + 2010?
2021
In base 3, what is 1022 + 1?
1100
In base 5, what is -2 - 2124?
-2131
In base 15, what is 2ec8 + 1?
2ec9
In base 14, what is 57 - -146?
19d
In base 7, what is -1 - -415?
414
In base 4, what is 203 + -122?
21
In base 10, what is 15 + -10?
5
In base 8, what is 653 + -15?
636
In base 10, what is -930 + 7?
-923
In base 14, what is 2 + 10?
12
In base 5, what is 4 - -10101?
10110
In base 12, what is -89 + 4?
-85
In base 9, what is 206 + 3?
210
In base 7, what is 3 - -56?
62
In base 14, what is -66 - 5?
-6b
In base 7, what is -34120 - 2?
-34122
In base 15, what is 40a3 - -4?
40a7
In base 2, what is -1100100001 + 1?
-1100100000
In base 14, what is -5 - 1b?
-22
In base 3, what is -12121 + 11?
-12110
In base 10, what is 8 - 8?
0
In base 14, what is -c2d0 - -3?
-c2cb
In base 12, what is -103 + 49?
-76
In base 2, what is 111 + 1001?
10000
In base 12, what is -547 - 4?
-54b
In base 3, what is -1011 + 1?
-1010
In base 3, what is 10 - 2020200?
-2020120
In base 12, what is 1031 + 4?
1035
In base 14, what is -18 - -2a?
12
In base 15, what is -7a - 14?
-8e
In base 15, what is 32 + -4?
2d
In base 15, what is -44d - 4?
-452
In base 5, what is 113 + 320?
433
In base 16, what is 4 + c?
10
In base 15, what is -b4 + 5?
-ae
In base 3, what is 2 + 11002?
11011
In base 4, what is -1 - -122?
121
In base 12, what is 5 + 2b?
34
In base 11, what is 3 + 46?
49
In base 10, what is 23990 + -4?
23986
In base 11, what is 132 + -5?
128
In base 3, what is -1 - 10211102?
-10211110
In base 7, what is -13040 + 4?
-13033
In base 7, what is 1130 - 4?
1123
In base 9, what is 5 + -446?
-441
In base 10, what is 4 + 21?
25
In base 8, what is 3 + -71?
-66
In base 6, what is 5 - 33525?
-33520
In base 8, what is 45 + 47?
114
In base 9, what is -164 - -34?
-130
In base 15, what is cd - -7?
d5
In base 2, what is -11 + 10110001000?
10110000101
In base 7, what is -1 - -143?
142
In base 15, what is -5 - -14c?
147
In base 15, what is 75 + -7?
6d
In base 7, what is 41 + -1?
40
In base 16, what is -4 + -28?
-2c
In base 4, what is -1120123 - 2?
-1120131
In base 5, what is 0 - 4123?
-4123
In base 2, what is 1110100111 + 111?
1110101110
In base 10, what is 3 + -1172?
-1169
In base 11, what is 92 - 55?
38
In base 16, what is 13c + -52?
ea
In base 12, what is 3 - -35?
38
In base 8, what is -42 + 13?
-27
In base 11, what is 28158 + 0?
28158
In base 2, what is -11 - -1101?
1010
In base 5, what is -22 - -11313?
11241
In base 7, what is 4 + 215?
222
In base 11, what is 54 + -3?
51
In base 14, what is 3 + -d6?
-d3
In base 12, what is 26 - 4?
22
In base 7, what is -201 + -23?
-224
In base 8, what is 100 - -3?
103
In base 12, what is 7 + 9bb?
a06
In base 3, what is -10 + -200?
-210
In base 5, what is -14 + 13030?
13011
In base 11, what is -5 - -321?
317
In base 8, what is 22103 - -4?
22107
In base 16, what is 2a - 3?
27
In base 16, what is 19 - 4?
15
In base 4, what is -21131 - -31?
-21100
In base 3, what is 10000 + -1102?
1121
In base 6, what is 5 + -5211?
-5202
In base 5, what is 342 + -1?
341
In base 7, what is -12 + 333?
321
In base 3, what is -12112022 - 20?
-12112112
In base 5, what is 301331 - 2?
301324
In base 3, what is -121 + -21212?
-22110
In base 14, what is 21b - -b?
228
In base 6, what is -1114 - 4?
-1122
In base 10, what is -15 - -53?
38
In base 5, what is 121 - 10?
111
In base 7, what is 631 + 2?
633
In base 6, what is 0 - -124?
124
In base 11, what is 12 - 129?
-117
In base 13, what is -125 - -1?
-124
In base 10, what is 42 - 2?
40
In base 8, what is -2 + -430?
-432
In base 2, what is 1001001 - 0?
1001001
In base 16, what is 5 - -371?
376
In base 3, what is 10 + -22012?
-22002
In base 14, what is 2 - -c9?
cb
In base 6, what is -12450 + -5?
-12455
In base 13, what is -a + 4?
-6
In base 11, what is 201 - -10?
211
In base 4, what is -3113 - 3?
-3122
In base 6, what is -24 - -10?
-14
In base 9, what is 1 + -3480?
-3478
In 